 - -65?
-43
Evaluate 2 - -31 - 8 - (-2 + -23).
50
-2 + -16 + (-39 + 29 + 11 - (0 - 4))
-13
What is the value of (-232 - -142) + 153 - 150?
-87
What is the value of -56 - (-84 + -20 - -72)?
-24
55 + 4 + -20 + 7 + -8 + 19
57
Evaluate (29 - 136) + 58 - -20.
-29
Calculate (-98 - (-1 - 1)) + 11 - (17 + (-6 - 5)).
-91
9 - (-2 + -8 + -2 - (225 + -225))
21
12 - (-9 + -4) - 16 - 30
-21
What is the value of 82 + -26 - (433 - 279)?
-98
49 + -2 + 2 + -32 + -3
14
What is (-7 - 1) + (-64 + 37 - -3)?
-32
(19 - ((25 - 11) + 0)) + -5 + 52 + -5
47
What is -83 + -4 + 37 + -40 + 20?
-70
Evaluate (7 - 8) + 3 + 1 + 5 + -1 + -53.
-46
What is the value of -6 + 1 - -96 - (-18 - (3 - -8 - 43))?
77
What is the value of (5 - (16 - 25)) + (38 - 41)?
11
What is -48 - (18 + (-14 - (0 + -9)) - (7 + 3))?
-51
Evaluate 239 + -294 + (99 - 22).
22
(-1 - -12) + -10 + (-8 - -16 - 2) - 2
5
What is the value of (2 - -46) + (-362 - -339) + -37?
-12
What is (-221 - -238) + 2 + (6 - 2 - -43)?
66
Evaluate -53 - (-78 - -41) - (64 + 0).
-80
What is 0 + (12 - -1) + (11043 - 11058) + 68?
66
What is the value of (-16 + 13 + 13 - 6) + (-3 + 73 - 2)?
72
-5 + -13 + 16 + (16 - 14 - 19)
-19
Evaluate 10 + -51 + (111 - 22).
48
Evaluate 24 - 16 - -16 - (2 + 26).
-4
What is -1 + (30 - -1 - (16 + -13)) - (-5 - -9)?
23
What is (35 - (31 + -25) - 25) + 66?
70
What is the value of -96 - ((-274 - -131) + -30)?
77
Calculate (11 - (-6 + (-5 - -46 - 16))) + (1 - 4).
-11
Evaluate -43 + -25 - -37 - -64.
33
What is the value of (82 + -22 - 36) + -20 + 62?
66
What is the value of (((-2 - -6) + -5 - -2) + -2 - -3) + -27?
-25
(-19 - 5) + -4 - (-125 - -112)
-15
Calculate (1 - 8 - 1) + (-1 + 4 - (-354 - -354)).
-5
What is the value of 15 - -2 - (165 + -161) - (1 - -43)?
-31
Evaluate 17 - (60 + -15 - -1).
-29
What is -8 + 18 - (0 - 8 - (88 + -26 + -11))?
69
Calculate (-2 - 7) + 5 - (-18 + 15 - 1).
0
What is -2 + 16 - (93 + -76 + -49 + -3)?
49
What is 10 + 52 - (4 - (4 - (-15 + 8))) - -12?
81
What is 40 - (4 + -36 + 18 + -8 + (9 - -6))?
47
-50 + -92 + 193 + 24
75
What is (-638 - -644) + (2 - 2) + 1 + 6?
13
What is the value of (-91 - 21) + 113 + 23?
24
Evaluate 1 + 5 + 54 - (2415 - 2378).
23
Calculate -15 - 9 - (4 - 22 - 23).
17
15 + -3 - (-20 + -29 + 47 - (-110 + -3))
-99
Evaluate 65 + 53 + -28 + -42.
48
12 - (-68 + -22 - -41)
61
What is 16 - (-21 + 22 - (-10 + -5 - -7))?
7
What is (-1 + (-2 - 4) - -1) + (-3865 - -3900)?
29
Evaluate -10 - (17 + 14 + -48).
7
Calculate -10 + 14 + 15 + -45.
-26
Calculate 89 - -5 - (256 - 198).
36
What is the value of (-131 - -88) + 47 - (-41 + -2)?
47
Evaluate -26 - (-54 - (-5 - -22)).
45
What is -97 + 3 - -2 - (5 + (3 - (1 - -10)))?
-89
(-48 - (1 + 2) - -2) + (-80 - -19) + 60
-50
Calculate -100 + (-20 - 17) + 79 + -22.
-80
What is the value of (-51 - (-3 - 22)) + (60 - 28)?
6
Calculate -454 + 251 + 207 + (1 + 0 - (-2 - -82)).
-75
10 - (-1026 + 1019 + 16 + (0 - 1) + -58)
60
What is the value of -314 - -270 - (0 + -48)?
4
What is the value of (-23 - 9) + 27 - (49 - -5 - (-4 + 3))?
-60
What is (696 - 667) + (2 - 68) + -31?
-68
What is the value of -28 + 17 + -35 + 24 + 13?
-9
What is the value of 78 - (19 + -39 - 5 - -37)?
66
-55 - (11 - -87 - 209)
56
What is the value of (7 - 0) + (52 + 2 - (35 - 22)) - 7?
41
-67 + 2 + -53 + 37 + 19
-62
Evaluate (142 - 54 - 21) + -69.
-2
What is (-9 - (-13 - -9)) + (27 - 16) - -13?
19
-76 + (-14 + -67 - -150)
-7
What is the value of 309 - 302 - (0 - 1 - -5) - -28?
31
What is the value of -4 + (11 - 18) - (193 + -149)?
-55
(-3 - -18 - 33) + (-57 - 5) - (0 + -5)
-75
(38 - (36 + 88)) + 116
30
64 + (-53 - (25 + -9))
-5
What is (-1 - -52) + (3536 - 3580)?
7
What is (-3 - -50 - -1) + (11 - 35) + 14?
38
What is the value of 5 - (-16 + 22) - (109 - 4)?
-106
Evaluate (75 - 96) + (-36 - -4).
-53
What is the value of (-23 - 3) + 34 + (2 - -1) + 6?
17
Calculate (9 - -1) + 101 + -121 - (16 + -77).
51
What is 30 + 0 + -7 + 8 + -7 + (4 - 0)?
28
Calculate 16 + 21 + -21 - 14 - 18.
-16
(1 + 2 - 0 - -2) + (34 - -58)
97
What is -16 + 2 - -22 - (146 + -46)?
-92
((-7 + 1 - 11) + (13 - -1) - 6) + -11
-20
Calculate -15 - (-9 + 36) - (-24 - -26 - 21).
-23
What is 13 + 27 + 62 + -154 + 53?
1
Evaluate -43 + (-28 + 5 + 6 - (-10 - -13) - -11).
-52
What is the value of (6 - 3) + -9 + (-20 - (-37 - -13))?
-2
(93 - -88) + -139 - -67
109
What is 395 + -422 + (47 - -4)?
24
What is the value of -45 - (-94 - (-39 - (-41 - -17)))?
34
94 + -9 + -68 + 0 + 34
51
Calculate (-1 - -51 - 25) + (-7 - 14).
4
Calculate 26 + (-104 - -137 - (-1 - -8)).
52
Evaluate 48 - -30 - 34 - 41.
3
What is the value of 4867 + -4982 - (-1 - 65)?
-49
What is -75 - (-2 + (3 - (1 - -27)))?
-48
Calculate -2 - (0 + -2) - (83 + -122 + 32 + 0).
7
What is the value of (-52 - (4 - 3)) + (100 - 95) - 5?
-53
28 + (17 - (-3 - 35)) + -15
68
Evaluate 9 - (4 - 10 - -95 - -1 - (-23 - -27)).
-77
(56 + -2 - (-50 + 80)) + -24
0
What is -14322 + 14319 - (4 - (2 + 0) - -15)?
-20
What is the value of -7 + (-1 - (10 + -11)) - (2 + -37)?
28
-38 - (-29 - 23 - 20)
34
What is 16 + (-41 - -12) - (-8 + 4 + 0)?
-9
3 + -2 + (-32 + 34 - 2 - 29)
-28
(-17 + 21 + 5 + -13 + 2 - 22) + 7
-17
What is the value of 37 + (-22 + 20 - 44)?
-9
Evaluate (-7 - (-7 - -2)) + -2 + (-54 - (28 + -41)).
-45
What is the value of (86 - (51 + -20)) + -27?
28
What is -4 + 55 + 9 - (3 + (-4 - -12))?
49
What is -1 + (2 - (-18 - (8 + -54)))?
-27
Evaluate 6 + (4 - -1 - 32 - 6) + -14.
-41
Evaluate -7 + (-1 - -5) - (2 + 18 + -128).
105
Calculate (14 - 23 - -19 - -20) + 4 + -10.
24
What is -26 - (32 - -1 - (17 - 16))?
-58
Calculate 10 + (-32 - -22) + -13 + 23 + 5.
15
Calculate -8 - (5 + 4 + -9 + -14 + 65).
-59
What is the value of 89 - -1 - (8857 + -8692)?
-75
(-7 - -26) + -6 - (1 - (-20 - -5))
-3
Evaluate (123 - (31 - 34)) + -94.
32
15 + -13 + (130 - 118)
14
86 + -34 - (-7 - (-3 - -1) - -17)
40
(16 - 27) + ((5 - 0) + -24 - 7)
-37
Calculate -21 + 19 + -1 + (1 - 13) + 0.
-15
What is the value of (11 - 3 - 0 - (69 - 1)) + 12 - -7?
-41
What is -1 + 14 - (-2 + 128 - 133)?
20
10 + 42 + 38 + -50
40
What is (4 - (-4 + -15 + 24) - (-2 + 118)) + -9?
-126
What is the value of 0 + 6 - (-25 + (-2 - (6 + -6)))?
33
119 + 13 + (9 - 23) - 4
114
What is the value of -11 - 0 - (-36 + (3 - -15) - (-20 - -4))?
-9
What is 109 + (-90 - -2) + -92?
-71
-5982 - -5982 - (-1 - -22 - -2)
-23
Calculate -51 + 62 + -39 - (1 + -1 + 4).
-32
What is the value of (10 - -9 - 26 - (-3 - -3)) + -6?
-13
What is -7 + (15 - 16) + (0 - -4) + 20 + -9?
7
Evaluate -20 + 14 - (-59 - ((15 - 2) + -7)).
59
1 + 25 + 3 + 51
80
Evaluate -103 - -106 - (39 - 8).
-28
What is the value of -20 - (-11 + (-24 - 17))?
32
-17 + (-17 - -37 - 16) + -67 - (2 - 0)
-82
What is (37 - -14) + 14 + -26?
39
Evaluate (-440 - -454) + 3 + 24 + -1.
40
33 + -3 - (495 + -452) - (-8 + -1)
-4
What is the value of (157 + (-27 - -13) - 28) + -9 + -2?
104
What is -16 + -36 - (3 + -13 + (14 - 17))?
-39
Evaluate -14 + (-40 - (-1 + -14)) - -42.
3
Calculate -8 - (-42 - -14) - (24 - 3).
-1
What is 42 + 4 + 9 - (-16 + -6 + 10)?
67
Calculate (0 + -9 - -29) + 1 - (7 - -1).
13
-53 + 64 + 27 - (-5 + 8 + 0)
35
Evaluate 25 + (-65 - (53 - 42)).
-51
Calculate 99 - 102 - (-2 + 1 + -12 + 12 + 81).
-83
What is the value of (3 - (25 - 4)) + 26?
8
Evaluate -501 + 478 - (-6 + 7 - -30).
-54
What is the value of 23 + (-3 - (23 - -15)) + -40?
-58
What is the value of -19 + (13 + 57 - 12) - -25?
64
What is 38 + 0 - (-73 + 100 + (-21 - -7))?
25
What is the value of (30 + 0 - 1) + 3324 + -3332?
21
What is ((-137 - -59) + 73 - (-1 - (-5 - -1))) + -64?
-72
Calculate -14 + 23 + (-18 - -10) + 0.
1
What is 19 + -64 - ((-5 - -30) + -40)?
-30
Calculate (3 - 0 - 10) + 47 + -56.
-16
Evaluate -58 + 59 - (1 - -66) - (-13 + 2).
-55
84 - (23 - -45) - 48
-32
51 - (189 + -79 + 9)
-68
What is the value of -2 - -28 - (190 + -209 + 12 + -4 + 2)?
35
What is 0 - (-32 + (25 - (-13 + 1 + (21 - -4))))?
20
Evaluate (-90 - (2 + -39)) + 9.
-44
What is (44 - (3 + -28)) + (-6 - -24)?
87
What is (12 - -7 - (32 - 20)) + -60?
-53
What is 22 + -2 - (-1 + 9 - (487 + -484))?
15
Calculate 5 - (1184 + -1210 + (55 - 0)).
-24
What is the value of -58 - (-122 - (131 + -321))?
-126
What is -13 + 3 - (29 - (-26 + 3 + -9))?
-71
What is the value of (25 - 58) + 4 + 45 + -46 + 0 + 6?
-24
Calculate 17 + (-12 - -36 - 24) + (-